{"id":63,"date":"2023-05-26T17:58:47","date_gmt":"2023-05-26T10:58:47","guid":{"rendered":"https:\/\/geog-vnu.edu.vn\/?page_id=63"},"modified":"2023-06-09T10:12:59","modified_gmt":"2023-06-09T03:12:59","slug":"tuyen-sinh-dai-hoc","status":"publish","type":"page","link":"https:\/\/humangeography.edu.vn\/?page_id=63","title":{"rendered":"Tuy\u1ec3n sinh \u0111\u1ea1i h\u1ecdc"},"content":{"rendered":"\t\t<div data-elementor-type=\"wp-page\" data-elementor-id=\"63\" class=\"elementor elementor-63\">\n\t\t\t\t\t\t\t\t\t<section class=\"elementor-section elementor-top-section elementor-element elementor-element-9ab6cc2 elementor-section-boxed elementor-section-height-default elementor-section-height-default\" data-id=\"9ab6cc2\" data-element_type=\"section\">\n\t\t\t\t\t\t<div class=\"elementor-container elementor-column-gap-default\">\n\t\t\t\t\t<div class=\"elementor-column elementor-col-100 elementor-top-column elementor-element elementor-element-8f06771\" data-id=\"8f06771\" data-element_type=\"column\">\n\t\t\t<div class=\"elementor-widget-wrap elementor-element-populated\">\n\t\t\t\t\t\t\t\t<div class=\"elementor-element elementor-element-6493462 elementor-widget elementor-widget-text-editor\" data-id=\"6493462\" data-element_type=\"widget\" data-widget_type=\"text-editor.default\">\n\t\t\t\t<div class=\"elementor-widget-container\">\n\t\t\t<style>\/*! elementor - v3.11.5 - 14-03-2023 *\/\n.elementor-widget-text-editor.elementor-drop-cap-view-stacked .elementor-drop-cap{background-color:#818a91;color:#fff}.elementor-widget-text-editor.elementor-drop-cap-view-framed .elementor-drop-cap{color:#818a91;border:3px solid;background-color:transparent}.elementor-widget-text-editor:not(.elementor-drop-cap-view-default) .elementor-drop-cap{margin-top:8px}.elementor-widget-text-editor:not(.elementor-drop-cap-view-default) .elementor-drop-cap-letter{width:1em;height:1em}.elementor-widget-text-editor .elementor-drop-cap{float:left;text-align:center;line-height:1;font-size:50px}.elementor-widget-text-editor .elementor-drop-cap-letter{display:inline-block}<\/style>\t\t\t\t<p>Khoa \u0110\u1ecba l\u00fd h\u00e0ng n\u0103m tuy\u1ec3n sinh v\u1edbi quy m\u00f4 t\u1eeb 150-200 sinh vi\u00ean cho 4 ng\u00e0nh \u0111\u00e0o t\u1ea1o b\u1eadc \u0111\u1ea1i h\u1ecdc:<br><span style=\"color: #0000ff;\">1. <a style=\"color: #0000ff;\" href=\"https:\/\/geogvnu.edu.vn\/tuyen-sinh\/tuyen-sinh-dai-hoc\/thong-tin-tuyen-sinh-nganh-dia-ly-tu-nhien\" target=\"_blank\" rel=\"noopener\">\u0110\u1ecba l\u00fd t\u1ef1 nhi\u00ean<\/a><\/span><br><span style=\"color: #0000ff;\">2. <a style=\"color: #0000ff;\" href=\"https:\/\/geogvnu.edu.vn\/tuyen-sinh\/tuyen-sinh-dai-hoc\/thong-tin-tuyen-sinh-nganh-quan-ly-dat-dai\" target=\"_blank\" rel=\"noopener\">Qu\u1ea3n l\u00fd \u0111\u1ea5t \u0111ai<\/a><\/span><br><span style=\"color: #0000ff;\">3. <a style=\"color: #0000ff;\" href=\"https:\/\/geogvnu.edu.vn\/tuyen-sinh\/tuyen-sinh-dai-hoc\/thong-tin-tuyen-sinh-nganh-khoa-hoc-thong-tin-dia-khong-gian\" target=\"_blank\" rel=\"noopener\">Khoa h\u1ecdc th\u00f4ng tin \u0111\u1ecba kh\u00f4ng gian<\/a><\/span><br><span style=\"color: #0000ff;\">4. <a style=\"color: #0000ff;\" href=\"https:\/\/geogvnu.edu.vn\/tuyen-sinh\/tuyen-sinh-dai-hoc\/thong-tin-tuyen-sinh-nganh-quan-ly-phat-trien-do-thi-va-bat-dong-san\" target=\"_blank\" rel=\"noopener\">Qu\u1ea3n l\u00fd ph\u00e1t tri\u1ec3n \u0111\u00f4 th\u1ecb v\u00e0 B\u0110S<\/a><\/span><strong><br><\/strong><\/p>\n<p><strong>* Ch\u1ec9 ti\u00eau v\u00e0 c\u00e1c m\u1ee9c \u0111i\u1ec3m chu\u1ea9n<\/strong><strong><br><\/strong><\/p>\n<p><img decoding=\"async\" loading=\"lazy\" src=\"http:\/\/geog-vnu.edu.vn\/wp-content\/uploads\/2023\/05\/z4388296066599_f476d7f599c4306652c35db8fcb75493.png\" alt=\"\" width=\"1094\" height=\"572\"><\/p>\n<hr>\n<p><a href=\"https:\/\/geogvnu.edu.vn\/tuyen-sinh\/tuyen-sinh-dai-hoc\/chi-tieu-phuong-thuc-xet-tuyen-hoc-bong-2022\" target=\"_blank\" rel=\"noopener\">&gt;&gt; Xem th\u00eam c\u00e1c ph\u01b0\u01a1ng th\u1ee9c x\u00e9t tuy\u1ec3n, ch\u1ec9 ti\u00eau theo c\u00e1c ph\u01b0\u01a1ng th\u1ee9c v\u00e0 m\u1ee9c h\u1ecdc ph\u00ed<\/a><\/p><p>(<i>d\u1eabn t\u1eeb https:\/\/geogvnu.edu.vn\/tuyen-sinh\/tuyen-sinh-dai-hoc\/tuyen-sinh-dai-hoc<\/i>)<\/p>\t\t\t\t\t\t<\/div>\n\t\t\t\t<\/div>\n\t\t\t\t\t<\/div>\n\t\t<\/div>\n\t\t\t\t\t\t\t<\/div>\n\t\t<\/section>\n\t\t\t\t\t\t\t<\/div>\n\t\t","protected":false},"excerpt":{"rendered":"<p>Khoa \u0110\u1ecba l\u00fd h\u00e0ng n\u0103m tuy\u1ec3n sinh v\u1edbi quy m\u00f4 t\u1eeb 150-200 sinh vi\u00ean cho 4 ng\u00e0nh \u0111\u00e0o t\u1ea1o b\u1eadc &hellip; <\/p>\n","protected":false},"author":2,"featured_media":0,"parent":0,"menu_order":0,"comment_status":"closed","ping_status":"closed","template":"","meta":[],"_links":{"self":[{"href":"https:\/\/humangeography.edu.vn\/index.php?rest_route=\/wp\/v2\/pages\/63"}],"collection":[{"href":"https:\/\/humangeography.edu.vn\/index.php?rest_route=\/wp\/v2\/pages"}],"about":[{"href":"https:\/\/humangeography.edu.vn\/index.php?rest_route=\/wp\/v2\/types\/page"}],"author":[{"embeddable":true,"href":"https:\/\/humangeography.edu.vn\/index.php?rest_route=\/wp\/v2\/users\/2"}],"replies":[{"embeddable":true,"href":"https:\/\/humangeography.edu.vn\/index.php?rest_route=%2Fwp%2Fv2%2Fcomments&post=63"}],"version-history":[{"count":23,"href":"https:\/\/humangeography.edu.vn\/index.php?rest_route=\/wp\/v2\/pages\/63\/revisions"}],"predecessor-version":[{"id":659,"href":"https:\/\/humangeography.edu.vn\/index.php?rest_route=\/wp\/v2\/pages\/63\/revisions\/659"}],"wp:attachment":[{"href":"https:\/\/humangeography.edu.vn\/index.php?rest_route=%2Fwp%2Fv2%2Fmedia&parent=63"}],"curies":[{"name":"wp","href":"https:\/\/api.w.org\/{rel}","templated":true}]}}