{"id":59,"date":"2023-05-26T17:57:20","date_gmt":"2023-05-26T10:57:20","guid":{"rendered":"https:\/\/geog-vnu.edu.vn\/?page_id=59"},"modified":"2023-06-08T14:04:07","modified_gmt":"2023-06-08T07:04:07","slug":"cong-bo-khoa-hoc","status":"publish","type":"page","link":"https:\/\/humangeography.edu.vn\/?page_id=59","title":{"rendered":"C\u00f4ng b\u1ed1 khoa h\u1ecdc"},"content":{"rendered":"\t\t<div data-elementor-type=\"wp-page\" data-elementor-id=\"59\" class=\"elementor elementor-59\">\n\t\t\t\t\t\t\t\t\t<section class=\"elementor-section elementor-top-section elementor-element elementor-element-2a2cd81 elementor-section-boxed elementor-section-height-default elementor-section-height-default\" data-id=\"2a2cd81\" data-element_type=\"section\">\n\t\t\t\t\t\t<div class=\"elementor-container elementor-column-gap-default\">\n\t\t\t\t\t<div class=\"elementor-column elementor-col-100 elementor-top-column elementor-element elementor-element-6562efb\" data-id=\"6562efb\" data-element_type=\"column\">\n\t\t\t<div class=\"elementor-widget-wrap elementor-element-populated\">\n\t\t\t\t\t\t\t\t<div class=\"elementor-element elementor-element-54ba6cb elementor-widget elementor-widget-image\" data-id=\"54ba6cb\" data-element_type=\"widget\" data-widget_type=\"image.default\">\n\t\t\t\t<div class=\"elementor-widget-container\">\n\t\t\t<style>\/*! elementor - v3.11.5 - 14-03-2023 *\/\n.elementor-widget-image{text-align:center}.elementor-widget-image a{display:inline-block}.elementor-widget-image a img[src$=\".svg\"]{width:48px}.elementor-widget-image img{vertical-align:middle;display:inline-block}<\/style>\t\t\t\t\t\t\t\t\t\t\t\t<img decoding=\"async\" width=\"750\" height=\"422\" src=\"https:\/\/humangeography.edu.vn\/wp-content\/uploads\/2023\/06\/NCKH1-1024x576.jpg\" class=\"attachment-large size-large wp-image-628\" alt=\"\" loading=\"lazy\" srcset=\"https:\/\/humangeography.edu.vn\/wp-content\/uploads\/2023\/06\/NCKH1-1024x576.jpg 1024w, https:\/\/humangeography.edu.vn\/wp-content\/uploads\/2023\/06\/NCKH1-300x169.jpg 300w, https:\/\/humangeography.edu.vn\/wp-content\/uploads\/2023\/06\/NCKH1-768x432.jpg 768w, https:\/\/humangeography.edu.vn\/wp-content\/uploads\/2023\/06\/NCKH1-1536x864.jpg 1536w, https:\/\/humangeography.edu.vn\/wp-content\/uploads\/2023\/06\/NCKH1-2048x1152.jpg 2048w\" sizes=\"(max-width: 750px) 100vw, 750px\" \/>\t\t\t\t\t\t\t\t\t\t\t\t\t\t\t<\/div>\n\t\t\t\t<\/div>\n\t\t\t\t\t<\/div>\n\t\t<\/div>\n\t\t\t\t\t\t\t<\/div>\n\t\t<\/section>\n\t\t\t\t<section class=\"elementor-section elementor-top-section elementor-element elementor-element-f36aaea elementor-section-boxed elementor-section-height-default elementor-section-height-default\" data-id=\"f36aaea\" data-element_type=\"section\">\n\t\t\t\t\t\t<div class=\"elementor-container elementor-column-gap-default\">\n\t\t\t\t\t<div class=\"elementor-column elementor-col-100 elementor-top-column elementor-element elementor-element-b26b3be\" data-id=\"b26b3be\" data-element_type=\"column\">\n\t\t\t<div class=\"elementor-widget-wrap elementor-element-populated\">\n\t\t\t\t\t\t\t\t<div class=\"elementor-element elementor-element-dad5b5a elementor-widget elementor-widget-heading\" data-id=\"dad5b5a\" data-element_type=\"widget\" data-widget_type=\"heading.default\">\n\t\t\t\t<div class=\"elementor-widget-container\">\n\t\t\t<style>\/*! elementor - v3.11.5 - 14-03-2023 *\/\n.elementor-heading-title{padding:0;margin:0;line-height:1}.elementor-widget-heading .elementor-heading-title[class*=elementor-size-]>a{color:inherit;font-size:inherit;line-height:inherit}.elementor-widget-heading .elementor-heading-title.elementor-size-small{font-size:15px}.elementor-widget-heading .elementor-heading-title.elementor-size-medium{font-size:19px}.elementor-widget-heading .elementor-heading-title.elementor-size-large{font-size:29px}.elementor-widget-heading .elementor-heading-title.elementor-size-xl{font-size:39px}.elementor-widget-heading .elementor-heading-title.elementor-size-xxl{font-size:59px}<\/style><h2 class=\"elementor-heading-title elementor-size-default\">C\u00f4ng b\u1ed1 khoa h\u1ecdc<\/h2>\t\t<\/div>\n\t\t\t\t<\/div>\n\t\t\t\t\t<\/div>\n\t\t<\/div>\n\t\t\t\t\t\t\t<\/div>\n\t\t<\/section>\n\t\t\t\t<section class=\"elementor-section elementor-top-section elementor-element elementor-element-2aaf9d9 elementor-section-boxed elementor-section-height-default elementor-section-height-default\" data-id=\"2aaf9d9\" data-element_type=\"section\">\n\t\t\t\t\t\t<div class=\"elementor-container elementor-column-gap-default\">\n\t\t\t\t\t<div class=\"elementor-column elementor-col-100 elementor-top-column elementor-element elementor-element-73dc400\" data-id=\"73dc400\" data-element_type=\"column\">\n\t\t\t<div class=\"elementor-widget-wrap elementor-element-populated\">\n\t\t\t\t\t\t\t\t<div class=\"elementor-element elementor-element-7cc1d1a elementor-widget elementor-widget-text-editor\" data-id=\"7cc1d1a\" data-element_type=\"widget\" data-widget_type=\"text-editor.default\">\n\t\t\t\t<div class=\"elementor-widget-container\">\n\t\t\t<style>\/*! elementor - v3.11.5 - 14-03-2023 *\/\n.elementor-widget-text-editor.elementor-drop-cap-view-stacked .elementor-drop-cap{background-color:#818a91;color:#fff}.elementor-widget-text-editor.elementor-drop-cap-view-framed .elementor-drop-cap{color:#818a91;border:3px solid;background-color:transparent}.elementor-widget-text-editor:not(.elementor-drop-cap-view-default) .elementor-drop-cap{margin-top:8px}.elementor-widget-text-editor:not(.elementor-drop-cap-view-default) .elementor-drop-cap-letter{width:1em;height:1em}.elementor-widget-text-editor .elementor-drop-cap{float:left;text-align:center;line-height:1;font-size:50px}.elementor-widget-text-editor .elementor-drop-cap-letter{display:inline-block}<\/style>\t\t\t\t<h4 style=\"text-align: justify; line-height: 120%; margin: 2.0pt 0cm 2.0pt 0cm;\"><p><span style=\"font-family: &quot;Times New Roman&quot;, serif; font-weight: normal; font-size: 22px;\">C\u00e1c th\u00e0nh vi\u00ean B\u1ed9 m\u00f4n \u0111\u00e3 c\u00f4ng b\u1ed1 nhi\u1ec1u c\u00f4ng tr\u00ecnh khoa h\u1ecdc tr\u00ean c\u00e1c t\u1ea1p ch\u00ed khoa h\u1ecdc qu\u1ed1c t\u1ebf v\u00e0 c\u00e1c t\u1ea1p ch\u00ed c\u00f3 uy t\u00edn qu\u1ed1c gia, trong c\u00e1c k\u1ef7 y\u1ebfu h\u1ed9i ngh\u1ecb khoa h\u1ecdc trong v\u00e0 ngo\u00e0i n\u01b0\u1edbc. T\u00ednh \u0111\u1ebfn 8\/2021, c\u00e1c th\u00e0nh vi\u00ean hi\u1ec7n \u0111ang c\u00f4ng t\u00e1c t\u1ea1i B\u1ed9 m\u00f4n \u0111\u00e3 c\u00f4ng b\u1ed1: 56 b\u00e0i b\u00e1o trong c\u00e1c t\u1ea1p ch\u00ed khoa h\u1ecdc qu\u1ed1c t\u1ebf c\u00f3 uy t\u00edn; 28 b\u00e1o c\u00e1o h\u1ed9i ngh\u1ecb qu\u1ed1c t\u1ebf; 202 b\u00e0i b\u00e1o v\u00e0 b\u00e1o c\u00e1o t\u1ea1i h\u1ed9i ngh\u1ecb khoa h\u1ecdc trong n\u01b0\u1edbc; ch\u1ee7 bi\u00ean v\u00e0 tham gia bi\u00ean so\u1ea1n 28 s\u00e1ch chuy\u00ean kh\u1ea3o, gi\u00e1o tr\u00ecnh. T\u1eeb \u0111i\u1ec3n Anh Vi\u1ec7t v\u00e0 s\u00e1ch tham kh\u1ea3o.<br><\/span><span style=\"font-weight: normal;\"><span lang=\"PT-BR\" style=\"font-family: 'Times New Roman',serif; mso-bidi-theme-font: minor-bidi; mso-ansi-language: PT-BR;\">D\u01b0\u1edbi \u0111\u00e2y li\u1ec7t k\u00ea m\u1ed9t s\u1ed1 c\u00f4ng tr\u00ecnh ti\u00eau bi\u1ec3u c\u1ee7a c\u00e1c th\u00e0nh vi\u00ean b\u1ed9 m\u00f4n trong 5 n\u0103m g\u1ea7n \u0111\u00e2y:<\/span><\/span><\/p><h5><span lang=\"PT-BR\" style=\"font-family: &quot;Times New Roman&quot;, serif;\">1.&nbsp;<\/span><i style=\"\"><span lang=\"PT-BR\" style=\"font-family: &quot;Times New Roman&quot;, serif;\">B\u00e0i b\u00e1o \u0111\u0103ng trong c\u00e1c t\u1ea1p ch\u00ed qu\u1ed1c t\u1ebf c\u00f3 uy t\u00edn:<\/span><\/i><\/h5><\/h4>\n<p style=\"text-align: justify; line-height: 120%; margin: 2.0pt 0cm 2.0pt 0cm;\"><span style=\"font-size: 11.0pt; line-height: 120%; color: black;\">[1] <b>Huu Duy Nguyen<\/b>, Quoc-Huy Nguyen, Quan Vu Viet Du, <b>Thi Ha Thanh Nguyen<\/b>, Tien Giang Nguyen, Quang-Thanh Bui (2021).&nbsp; \u201cA novel combination of Deep Neural Network and Manta Ray Foraging Optimization for flood susceptibility mapping in Quang Ngai province, Vietnam\u201d. <i>Geocarto International<\/i>. DOI: <\/span><a href=\"https:\/\/doi.org\/10.1080\/10106049.2021.1975832\"><span style=\"font-size: 11.0pt; line-height: 120%; mso-fareast-font-family: 'Times New Roman'; mso-fareast-theme-font: major-fareast; color: #1155cc;\">https:\/\/doi.org\/10.1080\/10106049.2021.1975832<\/span><\/a><\/p>\n<p style=\"text-align: justify; line-height: 120%; margin: 2.0pt 0cm 2.0pt 0cm;\"><span style=\"font-size: 11.0pt; line-height: 120%; color: black;\">[2] <b>Huu Duy Nguyen<\/b>, Dennis Fox, Dinh Kha Dang, Le Tuan Pham, Quan Vu Viet Du, <b>Thi Ha Thanh Nguyen<\/b>, Thi Ngoc Dang, Van Truong Tran, Phuong Lan Vu, Quoc-Huy Nguyen, Tien Giang Nguyen, Quang-Thanh Bui, Alexandru-Ionut Petrisor (2021). \u201cPredicting future urban flood risk using land change and hydraulic modeling in a river watershed in the central Province of Vietnam\u201d. <i>Remote Sensing<\/i> 13(2).<\/span><\/p>\n<p style=\"text-align: justify; line-height: 120%; margin: 2.0pt 0cm 2.0pt 0cm;\"><span style=\"font-size: 11.0pt; line-height: 120%; color: black;\">[3] Tien Giang Nguyen, Ngoc Anh Tran, Phuong Lan Vu, Quoc-Huy Nguyen, <b>Huu Duy Nguyen*<\/b>, Quang-Thanh Bui (2021). \u201cSalinity intrusion prediction using remote sensing and machine learning in data-limited regions: A case study in Vietnam&#8217;s Mekong Delta\u201d. <i>Geoderma Regional<\/i>, 27(e00424).<\/span><\/p>\n<p style=\"text-align: justify; line-height: 120%; margin: 2.0pt 0cm 2.0pt 0cm;\"><span style=\"font-size: 11.0pt; line-height: 120%; color: black;\">[4]<b> Huong Thi Thu Hoang, <\/b>Anton Van Rompaey, Kim Chi Vu, An Thinh Nguyen &amp; Veerle Vanacker (2020). \u201cAn application of multilevel model for the analysis of factors influencing paddy field productivity in the Northern Vietnamese Mountains\u201d.<b> <\/b><i>Paddy and Water Environment<\/i><\/span><b> <\/b><span style=\"font-size: 11.0pt; line-height: 120%; color: #333333; background: #FCFCFC;\">18:<b> <\/b>153\u2013166<\/span><i><span style=\"font-size: 11.0pt; line-height: 120%; color: black;\">.<\/span><\/i><b> <\/b><a href=\"https:\/\/doi.org\/10.1007\/s10333-019-00771-w\"><span style=\"font-size: 11.0pt; line-height: 120%; mso-fareast-font-family: 'Times New Roman'; mso-fareast-theme-font: major-fareast; color: #1155cc;\">https:\/\/doi.org\/10.1007\/s10333-019-00771-w<\/span><\/a><span style=\"font-size: 11.0pt; line-height: 120%; color: black;\">.<\/span><\/p>\n<p style=\"text-align: justify; line-height: 120%; margin: 2.0pt 0cm 2.0pt 0cm;\"><span style=\"font-size: 11.0pt; line-height: 120%; color: black;\">[5] <b>Thi Ha Thanh Nguyen<\/b>, Thi Quynh Nhu Thai, Van Tuan Tran, Thi Phin Pham, Quang Cuong Doan, Khac Hung Vu, Huong Giang Doan, Quang Thanh Bui (2020). \u201cLand Consolidation at the Household Level in the Red River Delta, Vietnam\u201d. <i>Land<\/i>. Vol.9 (196): 1-23. doi:10.3390\/land9060196.<\/span><\/p>\n<p style=\"text-align: justify; line-height: 120%; margin: 2.0pt 0cm 2.0pt 0cm;\"><span style=\"font-size: 11.0pt; line-height: 120%; color: black;\">[6] <b>Thi Thu Huong Hoang<\/b>, Anton Van Rompaey, Patrick Meyfroidt, Gerard Govers, Kim Chi Vu, An Thinh Nguyen, Luc Hens, Veerle Vanacker (2018). \u201cImpact of tourism development on the local livelihoods and land cover change in the Northern Vietnamese highlands\u201d. <i>Environment, Development and Sustainability<\/i>, 22(2), 1371-1395.<\/span><a href=\"https:\/\/doi.org\/10.1007\/s10668-018-0253-5\"> <span style=\"font-size: 11.0pt; line-height: 120%; mso-fareast-font-family: 'Times New Roman'; mso-fareast-theme-font: major-fareast; color: #1155cc;\">https:\/\/doi.org\/10.1007\/s10668-018-0253-5<\/span><\/a><span style=\"font-size: 11.0pt; line-height: 120%; color: black;\">.&nbsp;<\/span><\/p>\n<p style=\"text-align: justify; line-height: 120%; margin: 2.0pt 0cm 2.0pt 0cm;\"><span style=\"color: black; font-family: 'Times New Roman', serif; font-size: 11pt; font-weight: var( --e-global-typography-text-font-weight );\">[7]<\/span><b style=\"color: black; font-family: 'Times New Roman', serif; font-size: 11pt;\"> Huong T.T. Hoang, Quang Hai Truong, <\/b><span style=\"color: black; font-family: 'Times New Roman', serif; font-size: 11pt; font-weight: var( --e-global-typography-text-font-weight );\">An Thinh Nguyen, Luc Hens (2018). \u201cMulticriteria Evaluation of Tourism Potential in the Central Highlands of Vietnam: Combining Geographic Information System (GIS), Analytic Hierarchy Process (AHP) and Principal Component Analysis (PCA)\u201d. <\/span><i style=\"color: black; font-family: 'Times New Roman', serif; font-size: 11pt; font-weight: var( --e-global-typography-text-font-weight );\">Sustainability 2018, 10(9), 3097.<\/i><\/p>\n<p style=\"text-align: justify; line-height: 120%; margin: 2.0pt 0cm 2.0pt 0cm;\"><span style=\"font-size: 11.0pt; line-height: 120%; color: black;\">[8]<b> Thi Ha Thanh Nguyen<\/b>, Van Tuan Tran, Quang Thanh Bui, Quang Huy Man, Timo de Vries Walter (2016). \u201cSocio-economic Effects of Agricultural Land Conversion for Urban Development: Case Study of Hanoi, Vietnam\u201d, <i>Journal of Land Use Policy<\/i>. Volume 54: 583-592,<\/span><a href=\"http:\/\/dx.doi.org\/10.1016\/j.landusepol.2016.02.032\"> <span style=\"font-size: 11.0pt; line-height: 120%; mso-fareast-font-family: 'Times New Roman'; mso-fareast-theme-font: major-fareast; color: #2a5690;\">doi:10.1016\/j.landusepol.2016.02.032<\/span><\/a><span style=\"font-size: 11.0pt; line-height: 120%; color: black;\">.<\/span><\/p><p style=\"text-align: justify; line-height: 120%; margin: 2.0pt 0cm 2.0pt 0cm;\"><span style=\"font-size: 11.0pt; line-height: 120%; color: black;\"><br><\/span><\/p>\n<h5 style=\"text-align: justify; line-height: 120%; margin: 2.0pt 0cm 2.0pt 0cm;\"><b><i><span style=\"font-size: 11.0pt; line-height: 120%; color: black;\">2. B\u00e0i b\u00e1o \u0111\u0103ng trong t\u1ea1p ch\u00ed trong n\u01b0\u1edbc c\u00f3 uy t\u00edn<\/span><\/i><\/b><\/h5><p style=\"text-align: justify; line-height: 120%; margin: 2.0pt 0cm 2.0pt 0cm;\"><b><i><span style=\"font-size: 11.0pt; line-height: 120%; color: black;\"><br><\/span><\/i><\/b><\/p>\n<p style=\"text-align: justify; line-height: 120%; margin: 2.0pt 0cm 2.0pt 0cm;\"><span style=\"font-size: 11.0pt; line-height: 120%; color: black;\">[1] <b>Nguy\u1ec5n Th\u1ecb H\u00e0 Th\u00e0nh<\/b>, <b>Tr\u01b0\u01a1ng Quang H\u1ea3i<\/b>, Tr\u1ea7n V\u0103n Tr\u01b0\u1eddng, Giang V\u0103n Tr\u1ecdng (2020). Gi\u1ea3i ph\u00e1p ph\u00e1t tri\u1ec3n du l\u1ecbch theo h\u01b0\u1edbng b\u1ec1n v\u1eefng huy\u1ec7n \u0111\u1ea3o L\u00fd S\u01a1n, t\u1ec9nh Qu\u1ea3ng Ng\u00e3i\u201d. <i>T\u1ea1p ch\u00ed Ph\u00e1t tri\u1ec3n b\u1ec1n v\u1eefng v\u00f9ng<\/i>. Quy\u1ec3n 10, s\u1ed1 2 (6\/2020). <\/span><span style=\"font-size: 11.0pt; line-height: 120%;\">tr.103-114.<\/span><\/p>\n<p style=\"text-align: justify; line-height: 120%; margin: 2.0pt 0cm 2.0pt 0cm;\"><span style=\"font-size: 11.0pt; line-height: 120%; color: black;\">[2] <b>Nguy\u1ec5n Th\u1ecb H\u00e0 Th\u00e0nh<\/b>, <b>Tr\u01b0\u01a1ng Quang H\u1ea3i<\/b>, Giang V\u0103n Tr\u1ecdng, Tr\u1ea7n Th\u1ecb Ph\u01b0\u01a1ng Th\u00fay (2020). \u201cT\u1ed5 ch\u1ee9c kh\u00f4ng gian du l\u1ecbch th\u00e0nh ph\u1ed1 \u0110\u1ed3ng H\u1edbi\u201d. <i>T\u1ea1p ch\u00ed Khoa h\u1ecdc Tr\u01b0\u1eddng \u0110HSP TPHCM.<\/i> T\u1eadp 17, S\u1ed1 7 (2020). tr.254-269.<\/span><\/p>\n<p style=\"text-align: justify; line-height: 120%; margin: 2.0pt 0cm 2.0pt 0cm;\"><span style=\"font-size: 11.0pt; line-height: 120%; mso-bidi-font-weight: bold;\">[3]<\/span><b><span style=\"font-size: 11.0pt; line-height: 120%;\"> Ho\u00e0ng Th\u1ecb Thu H\u01b0\u01a1ng<\/span><\/b><span style=\"font-size: 11.0pt; line-height: 120%;\">, V\u0169 Th\u1ecb Th\u01b0, V\u0169 Th\u1ecb Thanh H\u01b0\u01a1ng, Ph\u1ea1m Th\u1ecb Tr\u1ea7m (2018). \u0110\u00e1nh gi\u00e1 t\u1ed5ng h\u1ee3p ti\u1ec1m n\u0103ng ph\u00e1t tri\u1ec3n du l\u1ecbch n\u00f4ng th\u00f4n khu v\u1ef1c h\u1ed3 H\u00f2a B\u00ecnh: Nghi\u00ean c\u1ee9u m\u1eabu t\u1ea1i huy\u1ec7n Cao Phong. T\u1ea1p ch\u00ed \u0110\u1ecba l\u00fd Nh\u00e2n v\u0103n s\u1ed1 3(22).<\/span><\/p>\n<p style=\"text-align: justify; line-height: 120%; margin: 2.0pt 0cm 2.0pt 0cm;\"><span style=\"font-size: 11.0pt; line-height: 120%; color: black;\">[4]<b> D\u01b0\u01a1ng Th\u1ecb Th\u1ee7y<\/b>, Ph\u1ea1m Quang Tu\u1ea5n, <b>Tr\u01b0\u01a1ng Quang H\u1ea3i<\/b> (2017). \u201cT\u1ed5 ch\u1ee9c l\u00e3nh th\u1ed5 du l\u1ecbch t\u1ec9nh \u0110\u1eafk L\u1eafk\u201d. <i>T\u1ea1p ch\u00ed Nghi\u00ean c\u1ee9u \u0110\u1ecba l\u00fd nh\u00e2n v\u0103n<\/i>. S\u1ed1 2 (2017). tr.1-10.<\/span><\/p>\n<p style=\"text-align: justify; line-height: 120%; margin: 2.0pt 0cm 2.0pt 0cm;\"><span style=\"font-size: 11.0pt; line-height: 120%; color: black;\">[5]<b> Nguy\u1ec5n Th\u1ecb H\u00e0 Th\u00e0nh<\/b>, V\u0169 Anh T\u00e0i, B\u00f9i H\u1ea3i An (2017), \u201cNghi\u00ean c\u1ee9u m\u1ed1i quan h\u1ec7 gi\u1eefa c\u00e1c ho\u1ea1t \u0111\u1ed9ng sinh k\u1ebf n\u00f4ng-l\u00e2m nghi\u1ec7p v\u00e0 d\u1ef1 tr\u1eef carbon t\u1ea1i x\u00e3 V\u00f5 Mi\u1ebfu, huy\u1ec7n Thanh S\u01a1n, t\u1ec9nh Ph\u00fa Th\u1ecd\u201d. <i>T\u1ea1p ch\u00ed Khoa h\u1ecdc \u2013 \u0110\u1ea1i h\u1ecdc Qu\u1ed1c gia H\u00e0 N\u1ed9i (C\u00e1c khoa h\u1ecdc Tr\u00e1i \u0111\u1ea5t v\u00e0 M\u00f4i tr\u01b0\u1eddng)<\/i>. S\u1ed1 33(4). tr.41-50.<\/span><\/p>\n<p style=\"text-align: justify; line-height: 120%; margin: 2.0pt 0cm 2.0pt 0cm;\"><span style=\"font-size: 11.0pt; line-height: 120%; color: black;\">[6] <b>\u0110\u1eb7ng H\u1eefu Li\u1ec7u<\/b>, <b>Nguy\u1ec5n Th\u1ecb H\u00e0 Th\u00e0nh<\/b> (2017), \u201c\u0110\u00e1nh gi\u00e1 ngh\u00e8o \u0111a chi\u1ec1u theo ti\u1ebfp c\u1eadn sinh k\u1ebf b\u1ec1n v\u1eefng: tr\u01b0\u1eddng h\u1ee3p t\u1ea1i hai x\u00e3 Hang Kia v\u00e0 P\u00e0 C\u00f2, huy\u1ec7n Mai Ch\u00e2u, t\u1ec9nh Ho\u00e0 B\u00ecnh\u201d, <i>T\u1ea1p ch\u00ed Khoa h\u1ecdc &#8211; \u0110HQGHN (C\u00e1c Khoa h\u1ecdc Tr\u00e1i \u0111\u1ea5t v\u00e0 M\u00f4i tr\u01b0\u1eddng)<\/i>, S\u1ed1 33(4), tr.51-62.<\/span><\/p>\n<p style=\"text-align: justify; line-height: 120%; margin: 2.0pt 0cm 2.0pt 0cm;\"><span style=\"font-size: 11.0pt; line-height: 120%; color: black;\">[7]<b> Ho\u00e0ng Th\u1ecb Thu H\u01b0\u01a1ng<\/b>, <b>Tr\u01b0\u01a1ng Quang H\u1ea3i <\/b>(2016). \u201c\u1ee8ng d\u1ee5ng ph\u01b0\u01a1ng ph\u00e1p ph\u00e2n t\u00edch th\u1ee9 b\u1eadc (AHP) v\u00e0 h\u1ec7 th\u1ed1ng th\u00f4ng tin \u0111\u1ecba l\u00fd (GIS) \u0111\u00e1nh gi\u00e1 t\u1ed5ng h\u1ee3p t\u00e0i nguy\u00ean du l\u1ecbch T\u00e2y Nguy\u00ean\u201d. <i>T\u1ea1p ch\u00ed Khoa h\u1ecdc \u2013 \u0110\u1ea1i h\u1ecdc Qu\u1ed1c gia H\u00e0 N\u1ed9i (C\u00e1c khoa h\u1ecdc Tr\u00e1i \u0111\u1ea5t v\u00e0 M\u00f4i tr\u01b0\u1eddng). <\/i>S\u1ed1 32 (4). tr.1-11.<\/span><\/p>\n<p style=\"text-align: justify; line-height: 120%; margin: 2.0pt 0cm 2.0pt 0cm;\"><span style=\"font-size: 11.0pt; line-height: 120%; color: black;\">[8] Ng\u00f4 \u0110\u0103ng Tr\u00ed, Tr\u1ea7n V\u0103n \u00dd, <b>Tr\u01b0\u01a1ng Quang H\u1ea3i<\/b>, Nguy\u1ec5n Thanh Tu\u1ea5n, Ho\u00e0ng Anh L\u00ea (2016). \u201c\u0110\u00e1nh gi\u00e1 m\u1ee9c \u0111\u1ed9 ph\u00e1t tri\u1ec3n b\u1ec1n v\u1eefng t\u1ec9nh Gia Lai giai \u0111o\u1ea1n 2008-2012 d\u1ef1a tr\u00ean b\u1ed9 ch\u1ec9 th\u1ecb\u201d. <i>T\u1ea1p ch\u00ed Khoa h\u1ecdc \u2013 \u0110\u1ea1i h\u1ecdc Qu\u1ed1c gia H\u00e0 N\u1ed9i (C\u00e1c khoa h\u1ecdc Tr\u00e1i \u0111\u1ea5t v\u00e0 M\u00f4i tr\u01b0\u1eddng)<\/i>. T\u1eadp 32, s\u1ed1 1S. tr. 407-412.<\/span><\/p>\n<p style=\"text-align: justify; line-height: 120%; margin: 2.0pt 0cm 2.0pt 0cm;\"><span style=\"font-size: 11.0pt; line-height: 120%; color: black;\">[9] <\/span><span style=\"font-size: 11pt; line-height: 120%; color: #222222; background-image: initial; background-position: initial; background-size: initial; background-repeat: initial; background-attachment: initial; background-origin: initial; background-clip: initial;\">Nguy\u1ec5n Quang Anh, Giang V\u0103n Tr\u1ecdng, <b>D\u01b0\u01a1ng Th\u1ecb Th\u1ee7y<\/b> (2016). \u201c\u0110\u00e1nh gi\u00e1 \u0111i\u1ec1u ki\u1ec7n kh\u00ed h\u1eadu ph\u1ee5c v\u1ee5 ph\u00e1t tri\u1ec3n du l\u1ecbch v\u00f9ng T\u00e2y Nguy\u00ean\u201d. <\/span><i><span style=\"font-size: 11.0pt; line-height: 120%; color: black;\">T\u1ea1p ch\u00ed Khoa h\u1ecdc \u2013 \u0110\u1ea1i h\u1ecdc Qu\u1ed1c gia H\u00e0 N\u1ed9i (C\u00e1c khoa h\u1ecdc Tr\u00e1i \u0111\u1ea5t v\u00e0 M\u00f4i tr\u01b0\u1eddng)<\/span><\/i><span style=\"font-size: 11.0pt; line-height: 120%; color: black;\">.<\/span><span style=\"font-size: 11pt; line-height: 120%; color: #222222; background-image: initial; background-position: initial; background-size: initial; background-repeat: initial; background-attachment: initial; background-origin: initial; background-clip: initial;\"> S\u1ed1 2. tr.1-12.<\/span><\/p>\n<p style=\"text-align: justify; line-height: 120%; margin: 2.0pt 0cm 2.0pt 0cm;\"><span style=\"font-size: 11.0pt; line-height: 120%; color: black;\">[10]<b> \u0110\u1eb7ng H\u1eefu Li\u1ec7u <\/b>(2016). \u201cM\u1ed1i quan h\u1ec7 gi\u1eefa ngh\u00e8o \u0111\u00f3i v\u00e0 \u0111\u1ed9 \u0111a d\u1ea1ng c\u00e1c ho\u1ea1t \u0111\u1ed9ng sinh k\u1ebf: nghi\u00ean c\u1ee9u tr\u01b0\u1eddng h\u1ee3p t\u1ea1i x\u00e3 Hang Kia, P\u00e0 C\u00f2 huy\u1ec7n Mai Ch\u00e2u, t\u1ec9nh H\u00f2a B\u00ecnh\u201d. T<i>\u1ea1p ch\u00ed Khoa h\u1ecdc tr\u01b0\u1eddng \u0110\u1ea1i h\u1ecdc S\u01b0 ph\u1ea1m H\u00e0 N\u1ed9i<\/i>. S\u1ed1 61(10). tr.150-158.<\/span><a href=\"https:\/\/doi.org\/10.18173\/2354-1067.2016-0098\"> <span style=\"font-size: 11.0pt; line-height: 120%; mso-fareast-font-family: 'Times New Roman'; mso-fareast-theme-font: major-fareast; color: #1155cc;\">https:\/\/doi.org\/10.18173\/2354-1067.2016-0098<\/span><\/a><span style=\"font-size: 11.0pt; line-height: 120%; color: black;\">.<\/span><\/p><p style=\"text-align: justify; line-height: 120%; margin: 2.0pt 0cm 2.0pt 0cm;\"><span style=\"font-size: 11.0pt; line-height: 120%; color: black;\">&nbsp;<\/span><\/p>\n<h5 style=\"text-align: justify; line-height: 120%; margin: 2.0pt 0cm 2.0pt 0cm;\"><b><i><span lang=\"PT-BR\" style=\"font-family: 'Times New Roman',serif; mso-bidi-theme-font: minor-bidi; mso-ansi-language: PT-BR;\">3. S\u00e1ch, gi\u00e1o tr\u00ecnh <\/span><\/i><\/b><\/h5><p class=\"MsoNormal\" style=\"text-align: justify; line-height: 120%; margin: 2.0pt 0cm 2.0pt 0cm;\"><b><i><span lang=\"PT-BR\" style=\"font-family: 'Times New Roman',serif; mso-bidi-theme-font: minor-bidi; mso-ansi-language: PT-BR;\"><br><\/span><\/i><\/b><\/p>\n<p style=\"text-align: justify; line-height: 120%; margin: 2.0pt 0cm 2.0pt 0cm;\"><span style=\"font-size: 11.0pt; line-height: 120%; color: black;\">[1] <b>Tr\u01b0\u01a1ng Quang H\u1ea3i<\/b> (Ch\u1ee7 bi\u00ean), <b>Ho\u00e0ng Th\u1ecb Thu H\u01b0\u01a1ng<\/b>, <b>D\u01b0\u01a1ng Th\u1ecb Th\u1ee7y<\/b> v\u00e0 nnk. <i>Du l\u1ecbch T\u00e2y Nguy\u00ean: Lu\u1eadn c\u1ee9 khoa h\u1ecdc v\u00e0 gi\u1ea3i ph\u00e1p ph\u00e1t tri\u1ec3n<\/i>. NXB \u0110\u1ea1i h\u1ecdc Qu\u1ed1c gia H\u00e0 N\u1ed9i. 2019. ISBN: 978-604-961-829-1<\/span><\/p>\n<p style=\"text-align: justify; line-height: 120%; margin: 2.0pt 0cm 2.0pt 0cm;\"><span style=\"font-size: 11.0pt; line-height: 120%; color: black;\">[2] <b>Tr\u01b0\u01a1ng Quang H\u1ea3i<\/b>, V\u00f5 V\u0103n Sen (\u0110\u1ed3ng ch\u1ee7 bi\u00ean), <b>Nguy\u1ec5n Th\u1ecb H\u00e0 Th\u00e0nh<\/b> v\u00e0 nnk. <i>Tho\u1ea1i S\u01a1n tr\u00ean \u0111\u01b0\u1eddng ph\u00e1t tri\u1ec3n b\u1ec1n v\u1eefng<\/i>. NXB \u0110\u1ea1i h\u1ecdc Qu\u1ed1c gia Th\u00e0nh ph\u1ed1 H\u1ed3 Ch\u00ed Minh. 2016. ISBN: 978-604-73-4204-4<\/span><\/p>\n<p style=\"text-align: justify; line-height: 120%; margin: 2.0pt 0cm 2.0pt 0cm;\"><span style=\"font-size: 11.0pt; line-height: 120%; color: black;\">[3] Nguy\u1ec5n Quang Ng\u1ecdc (Ch\u1ee7 bi\u00ean), <b>Tr\u01b0\u01a1ng Quang H\u1ea3i<\/b>, <b>Nguy\u1ec5n Th\u1ecb H\u00e0 Th\u00e0nh<\/b> v\u00e0 nnk. <i>\u0110\u1ecba ch\u00ed \u0110\u00f4ng Anh<\/i>. NXB Ch\u00ednh tr\u1ecb Qu\u1ed1c gia. 2016. ISBN: 978 604 57 1534 5.&nbsp;<\/span><\/p>\n<p style=\"text-align: justify; line-height: 120%; margin: 2.0pt 0cm 2.0pt 0cm;\"><span style=\"color: black; font-size: 11pt; font-family: var( --e-global-typography-text-font-family ), Sans-serif; font-weight: var( --e-global-typography-text-font-weight );\">[4] <\/span><b style=\"color: black; font-size: 11pt; font-family: var( --e-global-typography-text-font-family ), Sans-serif;\">Thuy T. Duong<\/b><span style=\"color: black; font-size: 11pt; font-family: var( --e-global-typography-text-font-family ), Sans-serif; font-weight: var( --e-global-typography-text-font-weight );\">, Tuan Q. Pham,<\/span><b style=\"color: black; font-size: 11pt; font-family: var( --e-global-typography-text-font-family ), Sans-serif;\"> Hai Q. Truong<\/b><span style=\"color: black; font-size: 11pt; font-family: var( --e-global-typography-text-font-family ), Sans-serif; font-weight: var( --e-global-typography-text-font-weight );\">, Huong T. Bui, and Giang T. Phi (2021). Chapter 4. Tourism Planning in the Central Highlands. <\/span><i style=\"color: black; font-size: 11pt; font-family: var( --e-global-typography-text-font-family ), Sans-serif; font-weight: var( --e-global-typography-text-font-weight );\">Vietnam Tourism: Policies and Practices<\/i><span style=\"color: black; font-size: 11pt; font-family: var( --e-global-typography-text-font-family ), Sans-serif; font-weight: var( --e-global-typography-text-font-weight );\">. Published by CABI, 2021.<\/span><\/p>\t\t\t\t\t\t<\/div>\n\t\t\t\t<\/div>\n\t\t\t\t\t<\/div>\n\t\t<\/div>\n\t\t\t\t\t\t\t<\/div>\n\t\t<\/section>\n\t\t\t\t\t\t\t<\/div>\n\t\t","protected":false},"excerpt":{"rendered":"<p>C\u00f4ng b\u1ed1 khoa h\u1ecdc C\u00e1c th\u00e0nh vi\u00ean B\u1ed9 m\u00f4n \u0111\u00e3 c\u00f4ng b\u1ed1 nhi\u1ec1u c\u00f4ng tr\u00ecnh khoa h\u1ecdc tr\u00ean c\u00e1c t\u1ea1p &hellip; <\/p>\n","protected":false},"author":2,"featured_media":0,"parent":0,"menu_order":0,"comment_status":"closed","ping_status":"closed","template":"","meta":[],"_links":{"self":[{"href":"https:\/\/humangeography.edu.vn\/index.php?rest_route=\/wp\/v2\/pages\/59"}],"collection":[{"href":"https:\/\/humangeography.edu.vn\/index.php?rest_route=\/wp\/v2\/pages"}],"about":[{"href":"https:\/\/humangeography.edu.vn\/index.php?rest_route=\/wp\/v2\/types\/page"}],"author":[{"embeddable":true,"href":"https:\/\/humangeography.edu.vn\/index.php?rest_route=\/wp\/v2\/users\/2"}],"replies":[{"embeddable":true,"href":"https:\/\/humangeography.edu.vn\/index.php?rest_route=%2Fwp%2Fv2%2Fcomments&post=59"}],"version-history":[{"count":19,"href":"https:\/\/humangeography.edu.vn\/index.php?rest_route=\/wp\/v2\/pages\/59\/revisions"}],"predecessor-version":[{"id":635,"href":"https:\/\/humangeography.edu.vn\/index.php?rest_route=\/wp\/v2\/pages\/59\/revisions\/635"}],"wp:attachment":[{"href":"https:\/\/humangeography.edu.vn\/index.php?rest_route=%2Fwp%2Fv2%2Fmedia&parent=59"}],"curies":[{"name":"wp","href":"https:\/\/api.w.org\/{rel}","templated":true}]}}